{"id":265,"date":"2026-02-27T15:31:58","date_gmt":"2026-02-27T15:31:58","guid":{"rendered":"https:\/\/www.freyshotels.com\/freys-hotel\/?page_id=265"},"modified":"2026-04-22T16:04:21","modified_gmt":"2026-04-22T16:04:21","slug":"erbjudanden","status":"publish","type":"page","link":"https:\/\/www.freyshotels.com\/freys\/erbjudanden\/","title":{"rendered":"Erbjudanden"},"content":{"rendered":"\n<div class=\"wp-block-columns has-2-columns alignfull noice curtain-bottom has-brand-200-background-color has-background\" style=\"column-gap: var(--wp--preset--spacing--60); row-gap: var(--wp--preset--spacing--20); margin-bottom:var(--wp--preset--spacing--60);padding-top:var(--wp--preset--spacing--80);padding-bottom:var(--wp--preset--spacing--60)\">\n<div class=\"wp-block-column\">\n<h1 class=\"wp-block-heading has-brand-500-color has-text-color has-link-color wp-elements-e8c9f5c7dd6c1572b196d76c1137433b\">V\u00e5ra hotellerbjudanden och konferenspaket<\/h1>\n<\/div>\n\n\n\n<div class=\"wp-block-column is-vertically-aligned-bottom\">\n<p class=\"has-medium-font-size\">H\u00e4r hittar du unika erbjudanden f\u00f6r s\u00e5v\u00e4l hotell\u00f6vernattning i Stockholm som f\u00f6r konferens. V\u00e5ra specialerbjudanden g\u00e5r endast att boka direkt med oss.<\/p>\n<\/div>\n<\/div>\n\n\n\n<h2 class=\"wp-block-heading has-text-align-center\">aktuella erbjudanden<\/h2>\n\n\n\n<p class=\"has-text-align-center\">H\u00e4r hittar du v\u00e5ra aktuella hotellerbjudanden, hotellpaket och weekendpaket i Stockholm, tillsammans med konferenspaket f\u00f6r m\u00f6ten och event. Oavsett om du planerar en vistelse eller ett m\u00f6te erbjuder vi f\u00f6rm\u00e5nliga alternativ som g\u00f6r det enkelt att boka.<br><br>P\u00e5 v\u00e5r sajt bokar du alltid hotellrum till b\u00e4sta pris, med tillg\u00e5ng till erbjudanden som endast finns direkt hos oss. Som g\u00e4st hos oss ing\u00e5r alltid frukost och\u00a0wifi, och du bor med ett centralt l\u00e4ge mitt i Stockholm \u2013 precis vid Centralstationen och n\u00e4ra stadens\u00a0utbud.<br><br>F\u00f6r\u00a0konferens och m\u00f6ten skr\u00e4ddarsyr vi g\u00e4rna ett uppl\u00e4gg utifr\u00e5n dina \u00f6nskem\u00e5l \u2013 f\u00f6r att skapa en upplevelse som passar just er.\u00a0<\/p>\n\n\n\n<div class=\"wp-block-group alignfull\" style=\"padding-top:var(--wp--preset--spacing--70);padding-bottom:var(--wp--preset--spacing--80)\">    <div\n                class=\"tabs text-center    \"\n        style=\"margin-bottom: var(--wp--preset--spacing--50);\"    >\n        <div class=\"tab-buttons inline-block relative mx-auto\">\n            <div class=\"bg-brand-200 rounded-full p-1.5 md:p-2\">\n                <div class=\"flex rounded-full md:justify-center sm:gap-x-1 overflow-x-auto hidden-scrollbar max-w-[calc(100vw_-_52px)]\">\n                                            <button\n                            id=\"konferens\"\n                            aria-label=\"Konferens\"\n                            data-id=\"1\"\n                            class=\"tab active whitespace-nowrap font-medium bg-transparent rounded-full opacity-60 flex gap-x-3 items-center px-6 py-3.5 md:px-8 md:py-4 text-[14px] md:text-[18px] md:leading-[24px]\"\n                        >\n                                                        Konferens                        <\/button>\n                                                <button\n                            id=\"hotell\"\n                            aria-label=\"Hotell\"\n                            data-id=\"2\"\n                            class=\"tab  whitespace-nowrap font-medium bg-transparent rounded-full opacity-60 flex gap-x-3 items-center px-6 py-3.5 md:px-8 md:py-4 text-[14px] md:text-[18px] md:leading-[24px]\"\n                        >\n                                                        Hotell                        <\/button>\n                                        <\/div>\n            <\/div>\n        <\/div>\n    <\/div>\n    \n\n\n<div class=\"wp-block-group tab-content\">    <div\n\t\t        class=\"weglot-translate has-normal-font-size    \"\n\t\t    >\n        <div x-data=\"loadMorePosts({\n        currentPost: '265',\n        postType: 'conference_offer',\n        initialCategories: '',\n        initialTags: '',\n        postsPerPage: -1,\n        })\"\n             class=\"mx-auto flex flex-col items-center bg-inherit\"\n        >\n\t\t\t\n            <div x-show=\"noResults\" class=\"text-gray-500\">\n\t\t\t\tInga poster hittades            <\/div>\n\n            <div x-show=\"loading\" class=\"loading w-full h-[100px] self-start\"><\/div>\n\n            <div class=\"w-full grid sm:grid-cols-2 lg:grid-cols-3 gap-5 md:gap-8 xxl:gap-10 img_text_card\">\n                <template x-for=\"post in posts\" :key=\"post.id\">\n\t\t\t\t\t<a\n    x-bind:href=\"post.url\"\n    x-bind:aria-label=\"post.title\"\n    x-bind:target=\"post.target\"\n    class=\"relative group overflow-hidden no-underline flex flex-col\"\n>\n    <div class=\"relative aspect-[8\/5] overflow-hidden rounded-xl\">\n        <div x-html=\"post.thumbnail\"><\/div>\n        <div class=\"absolute top-spacing-10 left-spacing-10 flex flex-wrap gap-2\">\n            <div class=\"chip bg-brand-100\" x-show=\"post.tag\" x-text=\"post.tag\"><\/div>\n        <\/div>\n    <\/div>\n    <div class=\"has-small-font-size flex-1 pt-spacing-10\" >\n                    <div class=\"mb-0.5\" x-text=\"post.post_type\"><\/div>\n                <h3 class=\"has-medium-font-size font-medium xl:group-hover:underlined\" x-text=\"post.title\"><\/h3>\n                            <div class=\"mt-spacing-10\" x-text=\"post.price\"><\/div>\n            <\/div>\n<\/a>                <\/template>\n            <\/div>\n\n\t\t\t\n        <\/div>\n    <\/div>\n\t<\/div>\n\n\n\n<div class=\"wp-block-group tab-content\">    <div\n\t\t        class=\"weglot-translate has-normal-font-size    \"\n\t\t    >\n        <div x-data=\"loadMorePosts({\n        currentPost: '265',\n        postType: 'offer',\n        initialCategories: '',\n        initialTags: '',\n        postsPerPage: -1,\n        })\"\n             class=\"mx-auto flex flex-col items-center bg-inherit\"\n        >\n\t\t\t\n            <div x-show=\"noResults\" class=\"text-gray-500\">\n\t\t\t\tInga poster hittades            <\/div>\n\n            <div x-show=\"loading\" class=\"loading w-full h-[100px] self-start\"><\/div>\n\n            <div class=\"w-full grid sm:grid-cols-2 lg:grid-cols-3 gap-5 md:gap-8 xxl:gap-10 img_text_card\">\n                <template x-for=\"post in posts\" :key=\"post.id\">\n\t\t\t\t\t<a\n    x-bind:href=\"post.url\"\n    x-bind:aria-label=\"post.title\"\n    x-bind:target=\"post.target\"\n    class=\"relative group overflow-hidden no-underline flex flex-col\"\n>\n    <div class=\"relative aspect-[8\/5] overflow-hidden rounded-xl\">\n        <div x-html=\"post.thumbnail\"><\/div>\n        <div class=\"absolute top-spacing-10 left-spacing-10 flex flex-wrap gap-2\">\n            <div class=\"chip bg-brand-100\" x-show=\"post.tag\" x-text=\"post.tag\"><\/div>\n        <\/div>\n    <\/div>\n    <div class=\"has-small-font-size flex-1 pt-spacing-10\" >\n                    <div class=\"mb-0.5\" x-text=\"post.post_type\"><\/div>\n                <h3 class=\"has-medium-font-size font-medium xl:group-hover:underlined\" x-text=\"post.title\"><\/h3>\n                            <div class=\"mt-spacing-10\" x-text=\"post.price\"><\/div>\n            <\/div>\n<\/a>                <\/template>\n            <\/div>\n\n\t\t\t\n        <\/div>\n    <\/div>\n\t<\/div>\n\n\n\n<div style=\"aspect-ratio:auto; justify-content:center; border-top-left-radius:16px;border-top-right-radius:16px; padding-top:var(--wp--preset--spacing--80);padding-bottom:var(--wp--preset--spacing--80);margin-top:var(--wp--preset--spacing--50);background-image:url(&apos;https:\/\/www.freyshotels.com\/wp-content\/uploads\/2026\/03\/bg-black.svg&apos;);background-position:50% 50%;background-size:1000px;\" class=\"alignfull sm-center wp-elements-b9cebea6fa384bb05b0728c2c2817cb4 wp-block-create-block-tankbar-multiblock has-text-color has-white-color has-background has-brand-500-background-color\">\n\n\t<div class=\"multiblock-bg\">\n\n\t\n\t\n\t\n\t\t\t<div class=\"multiblock-overlay overlay absolute inset-0 has-brand-500-background-color\" style=\"opacity:0.75;\"><\/div>\n\t\n\t\n\t<\/div><!-- .multiblock-bg -->\n\n\t<div class=\"multiblock-inner\">\n\t\t\n\n<div class=\"wp-block-columns has-2-columns\" style=\"column-gap: var(--wp--preset--spacing--60); row-gap: var(--wp--preset--spacing--40);\">\n<div class=\"wp-block-column\">\n<p class=\"has-gold-500-color has-text-color has-link-color has-script-medium-font-size wp-elements-d5ad8666d0a778945ce98b0efe598b7f\">Hotell ljuva hem<\/p>\n<\/div>\n\n\n\n<div class=\"wp-block-column\">\n<h1 class=\"wp-block-heading has-h-5-font-size\">V\u00e4lkommen till Freys&nbsp;Hotel&nbsp;\u2013 ett personligt hotell i Stockholm city n\u00e4ra Centralstationen. H\u00e4r finns 127 individuellt designade hotellrum och&nbsp;elva&nbsp;konferensrum i en milj\u00f6 som kombinerar <br>stadens puls med en varm och avslappnad k\u00e4nsla.&nbsp;<\/h1>\n<\/div>\n<\/div>\n\n\t<\/div>\n\n\t<\/div>\n\n\n\n<div class=\"wp-block-columns has-2-columns alignfull are-vertically-aligned-center noice\" style=\"column-gap: var(--wp--preset--spacing--80); row-gap: var(--wp--preset--spacing--30); padding-top:var(--wp--preset--spacing--60);padding-bottom:var(--wp--preset--spacing--80)\">\n<div class=\"wp-block-column is-vertically-aligned-center stick\">\t<div \t\tclass=\"media-container aspect-square    \"\n\t\t\t>\n\t\t<img loading=\"lazy\" decoding=\"async\" width=\"1024\" height=\"551\" src=\"https:\/\/www.freyshotels.com\/freys\/wp-content\/uploads\/2026\/04\/freys_hotel_reception_personal1-1024x551.jpg\" class=\"absolute h-full w-full object-cover rounded-2xl image-center-center\" alt=\"\" sizes=\"auto, (min-width: 1024px) 1600px, 1024px\" data-sizes=\"auto\" srcset=\"https:\/\/www.freyshotels.com\/freys\/wp-content\/uploads\/2026\/04\/freys_hotel_reception_personal1-1024x551.jpg 1024w, https:\/\/www.freyshotels.com\/freys\/wp-content\/uploads\/2026\/04\/freys_hotel_reception_personal1-300x162.jpg 300w, https:\/\/www.freyshotels.com\/freys\/wp-content\/uploads\/2026\/04\/freys_hotel_reception_personal1-768x414.jpg 768w, https:\/\/www.freyshotels.com\/freys\/wp-content\/uploads\/2026\/04\/freys_hotel_reception_personal1-1536x827.jpg 1536w, https:\/\/www.freyshotels.com\/freys\/wp-content\/uploads\/2026\/04\/freys_hotel_reception_personal1.jpg 1920w\" \/>\t<\/div>\n\t<\/div>\n\n\n\n<div class=\"wp-block-column is-vertically-aligned-center\">\n<p class=\"has-brand-400-color has-text-color has-link-color has-script-medium-font-size wp-elements-0ea35624b9a5f717ed8a07e5c3c167e3\">En plats att l\u00e4ngta till<\/p>\n\n\n\n<h2 class=\"wp-block-heading has-brand-600-color has-text-color has-link-color has-h-3-font-size wp-elements-bbf0af19e066938ff74082261c28d20f\">mitt i stockholm city<\/h2>\n\n\n\n<p class=\"has-brand-600-color has-text-color has-link-color wp-elements-eb242e697a042cfc351cdb9bc434d632\">Freys \u00e4r inte bara ett hotell \u2013 det \u00e4r en paus fr\u00e5n vardagen. En varm och personlig plats mitt i Stockholm d\u00e4r varje vistelse bjuder p\u00e5 lugn, omtanke och sm\u00e5 stunder av lyx.&nbsp;<\/p>\n\n\n\n<p class=\"has-brand-600-color has-text-color has-link-color wp-elements-9f5984978fd236b23c1cdf1821b287fa\">H\u00e4r b\u00f6rjar du dagen i mjuka lakan, kliver rakt ut i stadens puls och kommer hem till en plats som k\u00e4nns lika mycket som hemma som borta. Oavsett om du reser f\u00f6r romantik eller f\u00f6r att skapa minnesv\u00e4rda stunder tillsammans, s\u00e5 finns vi h\u00e4r \u2013 bara ett stenkast fr\u00e5n Centralstationen.&nbsp;<\/p>\n\n\n\n<div class=\"wp-block-buttons\">\n<div class=\"wp-block-button is-style-fill\"><a class=\"wp-block-button__link has-brand-500-background-color has-background wp-element-button\" href=\"https:\/\/www.freyshotels.com\/freys\/hotell-stockholm\/\" target=\"_blank\" rel=\"noreferrer noopener\">l\u00e4s mer om hotellet<\/a><\/div>\n<\/div>\n<\/div>\n<\/div>\n\n\n\n<div class=\"wp-block-columns has-2-columns alignfull are-vertically-aligned-center noice\" style=\"column-gap: var(--wp--preset--spacing--80); row-gap: var(--wp--preset--spacing--30); padding-top:var(--wp--preset--spacing--60);padding-bottom:var(--wp--preset--spacing--80)\">\n<div class=\"wp-block-column is-vertically-aligned-center stick\">\t<div \t\tclass=\"media-container aspect-square    \"\n\t\t\t>\n\t\t<img loading=\"lazy\" decoding=\"async\" width=\"1024\" height=\"683\" src=\"https:\/\/www.freyshotels.com\/freys\/wp-content\/uploads\/2026\/04\/konferensteam_freys_hotels-1024x683.jpg\" class=\"absolute h-full w-full object-cover rounded-2xl image-center-center\" alt=\"\" sizes=\"auto, (min-width: 1024px) 1600px, 1024px\" data-sizes=\"auto\" srcset=\"https:\/\/www.freyshotels.com\/freys\/wp-content\/uploads\/2026\/04\/konferensteam_freys_hotels-1024x683.jpg 1024w, https:\/\/www.freyshotels.com\/freys\/wp-content\/uploads\/2026\/04\/konferensteam_freys_hotels-300x200.jpg 300w, https:\/\/www.freyshotels.com\/freys\/wp-content\/uploads\/2026\/04\/konferensteam_freys_hotels-768x512.jpg 768w, https:\/\/www.freyshotels.com\/freys\/wp-content\/uploads\/2026\/04\/konferensteam_freys_hotels-1536x1024.jpg 1536w, https:\/\/www.freyshotels.com\/freys\/wp-content\/uploads\/2026\/04\/konferensteam_freys_hotels.jpg 1920w\" \/>\t<\/div>\n\t<\/div>\n\n\n\n<div class=\"wp-block-column is-vertically-aligned-center\">\n<p class=\"has-brand-400-color has-text-color has-link-color has-script-medium-font-size wp-elements-1119f553ef76ce716ba3c094a3fad9da\">Stockholm city<\/p>\n\n\n\n<h2 class=\"wp-block-heading has-brand-600-color has-text-color has-link-color wp-elements-3e05560d23969b8e43928eb5615ef10b\">konferens p\u00e5 freys<\/h2>\n\n\n\n<p class=\"has-brand-600-color has-text-color has-link-color wp-elements-a46bab2b777cc7f55a0526e586b45757\"><strong>Freys&nbsp;Hotel&nbsp;erbjuder flexibla konferenslokaler i olika storlekar, perfekt f\u00f6r allt fr\u00e5n mindre m\u00f6ten till st\u00f6rre konferenser och event. <\/strong>Med v\u00e5rt centrala l\u00e4ge n\u00e4ra Centralstationen och Arlanda Express blir det enkelt att samla teamet oavsett var deltagarna kommer ifr\u00e5n.&nbsp;<\/p>\n\n\n\n<p class=\"has-brand-600-color has-text-color has-link-color wp-elements-44d53efb5fab5ffeb598c4369ea29bb0\">H\u00e4r m\u00f6ts personlig service, moderna m\u00f6tesrum och ett av Stockholms mest tillg\u00e4ngliga l\u00e4gen \u2013 en kombination som skapar effektiva och inspirerande m\u00f6ten.&nbsp;<\/p>\n\n\n<div\n\t\tclass=\"   \"\n\tstyle=\"padding-top: var(--wp--preset--spacing--20);\">\n\t<button\n\t\tdata-flyout-toggle=\"contact\"\n\t\taria-label=\"Kontakta oss\"\n\t\tclass=\"wp-block-button__link has-background has-gold-500-background-color\"\n\t>\n\t\tKontakta oss\n\t<\/button>\n<\/div><\/div>\n<\/div>\n<\/div>\n","protected":false},"excerpt":{"rendered":"<p>V\u00e5ra hotellerbjudanden och konferenspaket H\u00e4r hittar du unika erbjudanden f\u00f6r s\u00e5v\u00e4l hotell\u00f6vernattning i Stockholm som f\u00f6r konferens. V\u00e5ra specialerbjudanden g\u00e5r endast att boka direkt med oss. aktuella erbjudanden H\u00e4r hittar du v\u00e5ra aktuella hotellerbjudanden, hotellpaket och weekendpaket i Stockholm, tillsammans med konferenspaket f\u00f6r m\u00f6ten och event. Oavsett om du planerar en vistelse eller ett m\u00f6te [&hellip;]<\/p>\n","protected":false},"author":1,"featured_media":1012,"parent":0,"menu_order":40,"comment_status":"closed","ping_status":"closed","template":"","meta":{"_acf_changed":false,"footnotes":""},"page_category":[],"page_tag":[],"class_list":["post-265","page","type-page","status-publish","has-post-thumbnail","hentry"],"acf":[],"publishpress_future_action":{"enabled":false,"date":"2026-05-06 13:35:32","action":"change-status","newStatus":"draft","terms":[],"taxonomy":"page_category","extraData":[]},"publishpress_future_workflow_manual_trigger":{"enabledWorkflows":[]},"_links":{"self":[{"href":"https:\/\/www.freyshotels.com\/freys\/wp-json\/wp\/v2\/pages\/265","targetHints":{"allow":["GET"]}}],"collection":[{"href":"https:\/\/www.freyshotels.com\/freys\/wp-json\/wp\/v2\/pages"}],"about":[{"href":"https:\/\/www.freyshotels.com\/freys\/wp-json\/wp\/v2\/types\/page"}],"author":[{"embeddable":true,"href":"https:\/\/www.freyshotels.com\/freys\/wp-json\/wp\/v2\/users\/1"}],"replies":[{"embeddable":true,"href":"https:\/\/www.freyshotels.com\/freys\/wp-json\/wp\/v2\/comments?post=265"}],"version-history":[{"count":26,"href":"https:\/\/www.freyshotels.com\/freys\/wp-json\/wp\/v2\/pages\/265\/revisions"}],"predecessor-version":[{"id":2905,"href":"https:\/\/www.freyshotels.com\/freys\/wp-json\/wp\/v2\/pages\/265\/revisions\/2905"}],"wp:featuredmedia":[{"embeddable":true,"href":"https:\/\/www.freyshotels.com\/freys\/wp-json\/"}],"wp:attachment":[{"href":"https:\/\/www.freyshotels.com\/freys\/wp-json\/wp\/v2\/media?parent=265"}],"wp:term":[{"taxonomy":"page_category","embeddable":true,"href":"https:\/\/www.freyshotels.com\/freys\/wp-json\/wp\/v2\/page_category?post=265"},{"taxonomy":"page_tag","embeddable":true,"href":"https:\/\/www.freyshotels.com\/freys\/wp-json\/wp\/v2\/page_tag?post=265"}],"curies":[{"name":"wp","href":"https:\/\/api.w.org\/{rel}","templated":true}]}}